he units digit of t?
0
Let f be ((-84)/(-10))/((-9)/(-30)). Let n = 38 - f. Suppose 0 = -n*h + 4*h + 558. What is the tens digit of h?
9
Let f be (0 - 2)*(1 - 0). Let b be (2/4)/(f/(-96)). What is the tens digit of (38/(-3))/(b/(-72))?
3
What is the thousands digit of (48/32)/(3/12732)?
6
Suppose -564 = -w - 0*w. Suppose 3*b = -b + w. What is the units digit of b?
1
Let g = -5170 - -10488. What is the hundreds digit of g?
3
Let g(u) = 15 + 29*u**2 + 20*u**3 - 14*u**3 + 5*u - 31*u**2. What is the hundreds digit of g(4)?
3
Let n be (-1)/2*(-25 - -11). Suppose n*m = 4*m - 5*j + 3000, -6 = 2*j. What is the tens digit of m?
0
Suppose -4*a + 2*d + 2280 = 0, -4*a + 9*d - 4*d = -2286. Suppose -4*f = -n - 4*n - a, 152 = f + 2*n. Let x = 217 - f. What is the units digit of x?
1
Suppose 2*p - 3 - 1 = 0. Let b be ((-340)/(-8)*1)/(7/14). Suppose 0*n = -p*n - 5*j + b, -55 = -n - 5*j. What is the tens digit of n?
3
Let t = -302 + 302. What is the units digit of t/(0 + 2) - (-2856)/12?
8
Suppose -g - 2*o = -3*g - 8, -5*g + 4*o - 15 = 0. Suppose -g = -2*d - 235. What is the units digit of (-25)/20 + 2/8 - d?
6
Suppose 0 = -3*v + 5*v - 266. Let n(u) = 7*u**2 - 6*u + 2. Let h be n(2). Let c = v - h. What is the hundreds digit of c?
1
Let z(b) = -3*b**2 + 32*b + 15512. What is the thousands digit of z(0)?
5
Let p(q) = -q**3 + 8*q**2 + 3. Let x be p(8). Let h be (1 - 3) + (x - 7/1). Let m(l) = l**2 - l - 8. What is the units digit of m(h)?
4
Let x(g) = -20*g**2 + 14*g + 19. Let h(m) = -41*m**2 + 27*m + 39. Let z(w) = -3*h(w) + 5*x(w). What is the hundreds digit of z(-3)?
2
Suppose -11*c = 12*c + 33235. Let r = -646 - c. What is the hundreds digit of r?
7
Suppose 0 = -12*c + 15*c - 552. Let a = c + -442. What is the units digit of (a/(-8)*-1)/((-3)/8)?
6
Let x = -3781 + 32045. What is the ten thousands digit of x?
2
Let d = -743 + 356. What is the units digit of (6 - (-10 + d)) + 2 + -1?
4
Let m = -71 + 92. What is the units digit of (42/m)/((-213)/(-211) - 1)?
1
Let h = 69 + -67. Let g be 1/(h/(-9)*57/(-152)). What is the units digit of 640/g + (-3)/9?
3
Let j = 642 - 988. Let s = j + 436. What is the tens digit of s?
9
Let c(n) = 2824*n**2 + 456*n - 2274. What is the units digit of c(5)?
6
Let i = -20234 - -29126. What is the units digit of i?
2
Suppose -9*t = -12*t + 4*a + 23, -3 = -t - a. Suppose -12*v = t*v - 136. What is the units digit of v?
8
Suppose 5*d - 392 = -22. Let p(l) = 35*l**2 + d*l**3 + 104*l**3 - 34*l**2. What is the hundreds digit of p(1)?
1
Let s(o) = -7*o + 87. Let g be s(12). Suppose -3*m - 1341 = -5*p, -11*p + 12*p = -g*m + 279. What is the units digit of p?
0
Suppose 3*r - 1 - 11 = -j, 4*r = 4*j + 32. Let l be 4*(4 + j)/2. What is the tens digit of (l + 354)/(0 + -4 + 6)?
7
Let u(k) = -3*k - 13. Let w be u(-6). Suppose g = -w*h + 192, -2*g + 2*h - 207 = -567. What is the hundreds digit of g?
1
Let g(t) be the first derivative of -3*t**2/2 + 8*t - 22. Let q be g(-3). Suppose 0 = -q*s + 889 + 1117. What is the units digit of s?
8
Let n = 14 + -55. Suppose -h = -5*o - 22, 5*o + 0*h - 3*h + 26 = 0. Let r = o - n. What is the units digit of r?
7
Let o be 228/20 + 13 + 4/(-10). Let m = -5 - -5. Suppose -27*i + o*i + 300 = m. What is the tens digit of i?
0
Suppose -r + 20069 = 5*i, 0 = -8*r + 10*r - 6*i - 40106. What is the units digit of r?
9
Let y(b) = -13596*b - 1127. What is the thousands digit of y(-2)?
6
Let l = 858 + -265. Let c = l + -402. What is the tens digit of c?
9
Let t(i) = -13*i + 2. Let a(m) = 3*m - 2 + m - 5*m. Let f be a(2). What is the tens digit of t(f)?
5
Suppose 0 = 10*o - 13*o + 4347. Suppose 7*f - 3248 - o = 0. What is the hundreds digit of f?
6
Suppose 0 = -19*x + 1124 + 719. Let k = 19 + x. What is the tens digit of k?
1
Suppose -182*x + 492*x = 205*x + 1990695. What is the units digit of x?
9
Suppose 15*l - 13*l - 104956 = -3*p, 0 = 3*p + 24. What is the units digit of l?
0
Let g(a) = 67*a**2 - 4*a - 5. Let j be g(-3). Let o = 44 - 40. What is the units digit of j/(-15)*(-6)/o?
1
Let p(c) = c**3 + 14*c**2 - 32*c + 3. Let z be p(-16). Suppose -2*v - 2*q = -1518, -1515 = z*v - 5*v - q. What is the units digit of v?
6
Let u(m) = 20*m**2 - 307*m - 94. What is the ten thousands digit of u(-22)?
1
Suppose n + 3*j + 552 = 0, n - 4*n - 1676 = 4*j. Let b = -374 - n. What is the units digit of b?
0
Let o(k) = -67*k - 7*k**2 + 136*k - 2*k**3 + 35 - 59*k. What is the hundreds digit of o(-8)?
5
Suppose 5*m - 2*b = 15773 + 30049, 5*m - b - 45826 = 0. What is the units digit of m?
6
Suppose 7*v + 385503 = 5*p - 5895, -313084 = -4*p - 3*v. What is the thousands digit of p?
8
Suppose 747 = 2*f - 3*y + 2*y, y + 1119 = 3*f. Let n(t) = -t**3 + 12*t**2 - 30*t - 3. Let w be n(6). Suppose 29*j + f = w*j. What is the units digit of j?
3
Let t = -2068 - -5869. What is the hundreds digit of t?
8
Let n(g) = g**2 - 4*g - 5. Let l(y) = y**2 + 17*y - 6. Let j be l(-18). What is the tens digit of n(j)?
9
Let i = -135 - -131. Let w be i + 509 + (-12)/(-4). Suppose 5*z = 4*k - 3*k + 651, 4*z = 4*k + w. What is the units digit of z?
1
Let i(m) = m**3 + m**2 - 2*m + 3. Suppose 3 = -5*j + 3*s + 28, -2*s = 0. Suppose 3*h - j*w + 12 = 3, 2*h - 13 = -3*w. What is the units digit of i(h)?
1
Let u(q) = 597*q + 2616. What is the tens digit of u(17)?
6
Let j = -7084 + 10036. Suppose 4 = -8*y + 9*y, -4*h + j = 4*y. What is the units digit of h?
4
Suppose 0 = 43*r - 38*r. What is the hundreds digit of (-413)/(-1) + (-2 + r)*-2?
4
Suppose -i - 4*j + 5 + 9 = 0, 3*j - 9 = 0. Suppose z + 2*s = 8, -8 = -3*z + i*s - 0. Suppose z*b - 674 = -3*h - 2*h, -16 = 4*b. What is the tens digit of h?
3
Let l = 3188 - 1904. What is the tens digit of l?
8
Suppose -s = -5*j - 10806, -5*j + 10806 = -8*s + 9*s. What is the ten thousands digit of s?
1
What is the tens digit of ((-4)/5)/(24/(-20)) + 1108675/75?
8
Let l = -13459 + 24363. What is the tens digit of l?
0
Let b(g) = -2*g**3 + 24*g**2 + 4*g - 13. Let j be b(12). What is the units digit of (-14)/j - 25842/(-30)?
1
Let p(q) = -101*q + 6. Let i(z) = z**3 - 17*z**2 - 16*z - 39. Let j be i(18). What is the units digit of p(j)?
9
Let k(h) be the first derivative of 4*h**3/3 + 9*h**2/2 + 12*h - 129. What is the hundreds digit of k(9)?
4
Suppose -255*y + 197*y + 1944334 = 0. What is the thousands digit of y?
3
Let s = -43 - -43. Suppose s*m - 24 = 3*m. What is the tens digit of m*(-15)/(-12)*-2?
2
Let s be (-64)/160 + 104/(-10)*-1. Suppose 6*f - s*f = -4636. What is the units digit of f?
9
Let z(y) = 34*y**3 - 3*y**2 + y + 41. What is the thousands digit of z(5)?
4
Let g(a) = 12*a**2 + 32*a + 756. What is the tens digit of g(-38)?
6
Let w = 38647 + -21821. What is the hundreds digit of w?
8
Suppose 14*c = -0*c - 63*c + 397474. What is the tens digit of c?
6
Suppose 8*z + 2522 = 7210. Suppose 3*t - d = 1758, z = -0*t + t + 5*d. What is the hundreds digit of t?
5
Let w(g) be the first derivative of 69*g**2/2 + 69*g + 18. What is the tens digit of w(5)?
1
Let j(m) = 7*m - 12. Let s be j(6). Let t = 39 - s. Suppose t*l - 70 = 614. What is the units digit of l?
6
Suppose -34 = 3*s - 2*y, s - y + 7 = -6. Let k(a) = 10*a**2 + 30*a + 16. What is the hundreds digit of k(s)?
4
Suppose -4*i + 3*l = 228, 2*i - 228 = 6*i + 2*l. Let x be 6 - 8 - i/(-3). What is the units digit of (40/6)/((-1)/x)?
0
Let c = -434 - -445. What is the tens digit of (1562/4)/(c + 168/(-16))?
8
Let q be ((-45)/20)/(3/80). Let k = 10 - q. Let t = k + -46. What is the tens digit of t?
2
Suppose 8288 = 4*t + 4*t. Suppose -647 = -3*v + t. What is the hundreds digit of v?
5
Let z = 266 + -242. Suppose -z*n = 26*n - 45150. What is the units digit of n?
3
Suppose -3*r - 29*g = -26*g - 108039, 36033 = r + 5*g. What is the thousands digit of r?
6
Suppose 0 = -3*o - 4*l + 19145, 118*l - 113*l = 10. What is the tens digit of o?
7
Let b = 24614 - 5425. What is the tens digit of b?
8
Let r(m) = -3*m**2 - 10*m + 98. Let p be r(10). Let k = 477 - p. What is the hundreds digit of k?
7
Suppose 0 = -45*y - 0*y - 158483 + 939548. What is the hundreds digit of y?
3
Let u = 21231 + -13573. What is the units digit of u?
8
Suppose p - 24 = 5*j, -5*j + 3 = -5*p + 43. Let a be (9 - (j - -8))*1. What is the units digit of a/((-20)/308)*-3?
1
Suppose -5*b = -0*b - 245. Suppose s - 2*o - b = -